l + 36. Let x be f(7). What is the remainder when (76/6 - x) + (-4)/(-3) is divided by r?
9
Let o be 10/(-4)*102/(-85). Let c be 4 + 13 - 2*-1. Suppose o*i + g - 13 = 0, 3*g - c = -i - g. Calculate the remainder when 6 is divided by i.
0
Suppose 28*g - 27*g = 24. What is the remainder when g is divided by 6?
0
Suppose -69*s + 4 = -67*s. Calculate the remainder when 8 is divided by s.
0
Let s(w) = -w + 41. Let o be (-48)/32*(-22)/3. Calculate the remainder when 117 is divided by s(o).
27
Suppose 0 = -5*p + 5*y - 5, -3*p - 2*p - 2*y + 9 = 0. Let o = 1 + p. What is the remainder when 51 is divided by -1 + (o - -24) + 2?
24
Suppose 0 = 4*s - 4*u - 160, -4*s - 4*u + 167 - 7 = 0. What is the remainder when 197 is divided by s?
37
Let z(x) = 57*x**3 + x**2 + 11*x - 11. What is the remainder when z(1) is divided by 21?
16
Let h = 84 - 45. Let o(s) = s**2 + 13*s - 11. Let z be o(-14). Suppose 4*p = -z*f + 288, p + 0*p - f = 79. Calculate the remainder when p is divided by h.
36
Let w(f) = 2*f**2 + 7*f + 24. Calculate the remainder when 60 is divided by w(-3).
18
Let g(c) = -20*c - 187. What is the remainder when 117 is divided by g(-10)?
0
Let j be 3 - (-4)/(-16)*0. Let k(o) = 2*o**3 - 6*o - 3*o - 11 - 3*o**j + 12*o**2. Calculate the remainder when k(11) is divided by 3.
2
Let a = 20 - -1. Suppose 0*x + a = 2*v + x, -v = 3*x - 13. Let o(h) = -2*h**3 + 37*h**2 - 21*h + 72. Calculate the remainder when o(18) is divided by v.
8
Suppose -2*o = -a + 4 + 21, -4*a + 48 = 5*o. Let u be a + -3 - (-2)/(-2). Suppose 2*f - u = 31. Calculate the remainder when 63 is divided by f.
19
Let w(z) = z**3 - 3*z**2 + z + 37. Calculate the remainder when ((-436)/(-6))/((-4)/(-6)) is divided by w(0).
35
Let u = 67 + 1. Calculate the remainder when 116 is divided by u.
48
Let f = 719 + -621. Calculate the remainder when f is divided by 40.
18
Let j be (11 - 7) + 8/(-1) + 140. Calculate the remainder when 52 is divided by j/(-170) - 3*(-96)/10.
24
Let g be (5 - 2)*(-32)/6. Let w = 70 + g. Calculate the remainder when w is divided by 29.
25
Let u(z) = 26*z**2 + z. Let n be u(1). Let w = 38 - n. What is the remainder when 81/4 + 2/(-8) is divided by w?
9
Let o = 17 - -19. Calculate the remainder when 142 is divided by o.
34
Let u = -4 - -16. What is the remainder when (115/5)/(5/15) is divided by u?
9
Let d(n) = 10 + 8 + 8 + 7*n - 34. Suppose -v = -5*a + 76, -a = 4*a + 3*v - 92. What is the remainder when d(5) is divided by a?
11
Let u = -388 + 417. What is the remainder when 92 is divided by u?
5
Let x(v) = -6*v - 4. Let w be x(-9). Calculate the remainder when w - ((-2)/11 + (-24)/(-132)) is divided by 16.
2
Suppose -16*m + 119 = -9*m. What is the remainder when 150 is divided by m?
14
Let d(m) = -69*m + 234. What is the remainder when 241 is divided by d(3)?
25
Suppose 6*a - 4 = d + 2*a, 0 = 5*d - 5*a + 80. Calculate the remainder when 8 is divided by 7*(-4 + d/(-4)).
1
What is the remainder when 125 is divided by (-1 + 0)*(-91)/13?
6
Calculate the remainder when ((-42)/24)/(((-6)/(-1))/(-576)) is divided by 19.
16
Calculate the remainder when (27 + 4)*1 - -2 is divided by (13/5)/((-4)/(-20)).
7
Let f be 679/(-14) + 2/4. What is the remainder when 39 is divided by 6*(f/(-9) - 2)?
19
Suppose -52*t - 54 = -58*t. Suppose 4*m + 3*x = -0*x + 95, -139 = -5*m + 3*x. Calculate the remainder when m is divided by t.
8
Calculate the remainder when 33 is divided by ((-6)/(-4))/(8/48).
6
Let u(d) = -d**2 + 20*d - 22. What is the remainder when ((-15)/10 + 2)/((-3)/(-402)) is divided by u(18)?
11
Let b be ((-155)/(-15))/(2/(-6)). Let h = b + 41. Calculate the remainder when -2 + 41 - (0 - 0) is divided by h.
9
Let n = 78 - 76. Let j(t) = -t - 3. Let l be j(-6). Suppose -4*f - 5*q = -50, 0 = f + l*q - 14 - n. Calculate the remainder when 19 is divided by f.
9
Let o(m) = 2*m**2 + 6*m - 4. Suppose 2*t = k + 312, 0*t - 2*k + 475 = 3*t. What is the remainder when t is divided by o(-6)?
29
Let f(w) = -7*w - 1. Let g = -315 - -546. Suppose 0 = -4*r + g - 35. What is the remainder when r is divided by f(-2)?
10
Let v(f) = -28*f - 18 + 20*f + 16. Let x be (-4)/(2/(-1 + 5)). Calculate the remainder when v(x) is divided by 16.
14
Let s(o) = o**2 - 10*o - 5. Suppose 10*i = 4*i + 66. What is the remainder when s(i) is divided by 4?
2
Suppose z - 2*y - 352 = 0, 11*y - 13*y = 2*z - 722. What is the remainder when z is divided by 29?
10
Suppose -16*z + 203 = -15*z - 2*c, 4*z - 800 = 2*c. What is the remainder when z is divided by 53?
40
Let n(u) = 6*u + 1. Let k be n(2). Let f = k - 9. Suppose -149 = -f*v - a, -4*a + 3*a + 73 = 2*v. What is the remainder when v is divided by 10?
8
Let l = 28 - 14. Let u = -398 - -438. What is the remainder when u is divided by l?
12
Suppose 39*x + 27 = 1002. Calculate the remainder when 247 is divided by x.
22
Let y be 7/1*(-6 - -8). Suppose 0 = k - 42 + y. What is the remainder when k is divided by 11?
6
Let q be (-4)/26 + (-369)/(-117). Suppose 0 = -q*y - 0*y + 150. Calculate the remainder when y is divided by 17.
16
Suppose -f - 3*p + 50 = 0, -2 = -4*f - 5*p + 198. What is the remainder when 87 is divided by f?
37
Let t be (-8)/(-2)*(35 - 36). Let b = 16 + -9. What is the remainder when (16 - 3)/(t - (-18)/4) is divided by b?
5
Let u be (66/(-5))/((-18)/135). Suppose -3*n - 4*c = -314, 0 = -4*n + 2*c + 327 + u. Let m = n + -34. What is the remainder when m is divided by 19?
15
Let x = 80 - 116. Let f = 46 + x. Suppose -f = -q - q. Calculate the remainder when 12 is divided by q.
2
Let t(h) = -60*h - 154. What is the remainder when t(-5) is divided by 7?
6
Suppose 2*a = -3*n + 5*n + 72, -4*a + 3*n + 142 = 0. Calculate the remainder when a is divided by 27.
7
Let u(v) = v**3 + 24*v**2 + 15*v - 85. Calculate the remainder when u(-23) is divided by 12.
3
Suppose -h + 207 = 8*h. Let j = h + -7. Calculate the remainder when 30 is divided by j.
14
Let d be 15/9 + (-1)/(-3). Suppose 5*x - f + 6*f = -5, -5*f - 12 = -d*x. Let r(h) = 9*h**2 + h - 1. What is the remainder when r(x) is divided by 4?
1
Suppose -x + 0*x + 3 = 0. Suppose -15 = -7*n - 1. Suppose 0*a + 10 = n*a. What is the remainder when a is divided by x?
2
Let i = 128 + -42. Let u = -22 + i. Let r(a) = -a**3 + 2*a + 22. What is the remainder when u is divided by r(0)?
20
Let f(i) = -145*i - 6. Calculate the remainder when f(-1) is divided by 8.
3
Suppose -1128 = -23*y + 11*y. Calculate the remainder when 350 is divided by y.
68
Let x(f) = f + 22. Let p be x(-20). Suppose -3*q + p*q = n - 9, 4*q = n + 11. Calculate the remainder when 5 is divided by q.
1
Let n(j) = -j**2 - 20*j - 2. Let l = 11 - 6. Let p(w) = w**2 + 21*w + 2. Let q(v) = l*n(v) + 4*p(v). Calculate the remainder when q(-12) is divided by 16.
14
Suppose -3*d - 2*d = -215. Suppose d = 3*r + 4. Suppose -5*u - 3*k + 36 = -8, -4*u + 16 = -4*k. What is the remainder when r is divided by u?
6
Let w = 838 - 832. Calculate the remainder when 21 is divided by w.
3
Suppose g + 166*h = 168*h + 169, h + 3 = 0. What is the remainder when g is divided by 43?
34
Suppose 5*z = -4*y + 140 + 276, -5*y = 3*z - 247. Calculate the remainder when z is divided by 22.
18
Calculate the remainder when 654 is divided by (-160)/(-35)*(-42)/(-12).
14
Suppose -v = -y + 227, -y - 1 = -0. Let a = v + 326. Calculate the remainder when a is divided by 20.
18
Let k(w) = -3*w + 9. Let g be k(3). Calculate the remainder when 22 is divided by 6 - (3 - (4 - 2) - g).
2
Let c = -786 + 831. What is the remainder when 88 is divided by c?
43
What is the remainder when ((6 - 3) + -2)*-1*-78 is divided by 14?
8
Suppose 9 = 4*r - r. Suppose -r*h + 20 = h. What is the remainder when 20 is divided by 363/55 - (-2)/h?
6
Let k(f) = 37*f - 13. Let m be k(-7). Let r = m + 393. What is the remainder when r is divided by 41?
39
Suppose 46 - 107 = -i. What is the remainder when i is divided by 16?
13
Calculate the remainder when 290 is divided by 454/5 + 2/10 - -6.
96
Suppose -10 = -18*m + 13*m. Suppose -j - 29 = -m*j. What is the remainder when 114 is divided by j?
27
Suppose -51 = -4*k - 219. Let t = 49 + k. Calculate the remainder when 17 is divided by t.
3
Suppose -16039 = -25*p - 2764. What is the remainder when p is divided by 89?
86
Let d = 126 + -95. Calculate the remainder when 244 is divided by